 16 - 13)?
16
Calculate (-12 - 20) + 47 + -7.
8
Evaluate 0 + (12 - 11) - -8.
9
Calculate 7 - ((-1 - 2) + -6 + 16 + 0).
0
Calculate -11 - (-29 + -21 + 24).
15
18 - (37 + -30 + 12)
-1
Evaluate 2 - ((-1 - -6) + 38 + -44).
3
What is the value of 5 + -9 - -9 - 3 - -4?
6
(-13 + -4 - 3) + 27
7
What is the value of (-148 - -164) + -1 + -18?
-3
What is -3 + -14 + 27 + -16?
-6
Evaluate -21 + 7 - (-5 - 30).
21
3 + 0 + (-12 - -9)
0
-8 - -4 - (-3 + -13)
12
What is the value of -4 - (-6 - (14 - 12))?
4
What is (-35 + 29 - (24 - -1)) + -2?
-33
What is 17 + (-8 - (-18 - -25)) - -6?
8
What is the value of -9 - (-4 - (-9 + 12 - 8))?
-10
What is -96 - -92 - (-11 - 0)?
7
What is the value of 12 + -10 - 4 - (1 - -2)?
-5
Calculate -6 - (-2 + 0 + 2) - 8.
-14
What is 7 + 0 + (-8 - (-13 - -15))?
-3
Evaluate 15 + -5 - (-11 + 2 - 1) - -3.
23
Evaluate -4 - ((2 - -11) + -27).
10
What is (-2 - (-4 + 3 + -2)) + -30 + 33?
4
What is the value of -1 - (6 - (5 - 4)) - -6?
0
20 + -22 + (-8 - (1 - (3 - 0)))
-8
27 + -14 - 27 - -10
-4
Calculate -42 - -22 - (4 - 19).
-5
Calculate (-15 - (-12 + -2 + 11)) + 17.
5
Evaluate (205 - 206) + -4 + 0 + 15.
10
What is -17 + 16 + -7 - 0?
-8
What is -43 + 36 + -12 - -34?
15
Calculate -3 + 0 - (-1 + -4) - -3 - 6.
-1
24 + (-28 - -12) + 8
16
Evaluate 27 - 5 - ((15 - (7 - -2)) + 5).
11
Calculate (3 - 0) + (7 - 21 - -14).
3
Evaluate 9 - (2 - (12 - 10 - (-2 - -1))).
10
What is the value of (-4 - (-12 + 10 + -1)) + -4?
-5
What is the value of 66 + -71 - (6 + (-3 - -1))?
-9
What is the value of 1082 + -1103 - (1 - (12 + 0))?
-10
-8 + (-7 - 1) + -1 + (27 - 12)
-2
What is -7 + 24 - (26 - 13)?
4
Evaluate -2 - (-1 + -2 + -3 - 0).
4
Evaluate -18 + 20 + 5 + (-16 - -1) + 1.
-7
Calculate -4 - (-1 + -7 + -30 + -30 + 60).
4
Calculate -5 - (-6 + (-11 - -23)).
-11
Calculate (5 - -2) + (-27 - -3 - -14).
-3
What is -21 - (-35 + 22 + -21)?
13
What is -23 - (-23 + 12 - (0 + -3))?
-15
6 + (-2 + -4 - (8 - (-5 - -9)))
-4
What is the value of -23 - (30 + -34 - 19)?
0
Evaluate 15 + (-6 - 10) + 7.
6
Evaluate 39 - -16 - 22 - 5.
28
Calculate (2 - 8 - (-27 - -24)) + (22 - 4).
15
Calculate -7 - (-7 - -6 - 3 - 12) - -6.
15
21 + -20 + 18 - (-10 - -10)
19
30 + -11 + 0 + -2 + -4 + -2
11
What is 0 + 0 + (1 - (-8 + -8))?
17
What is 20 - 62 - -51 - (-1 + 26)?
-16
Calculate -21 - -8 - 1 - -10.
-4
Calculate -26 + 16 + -15 - 17 - -5.
-37
Evaluate -6 + 1 - (4 - (7 + -8 + -1)).
-11
What is the value of -6 + (-1 - -1) - (-839 + 815) - -1?
19
Calculate (8 + -16 - -15) + -2.
5
-4 + -6 - (5 - 30)
15
What is -33 + 42 - (-5 + 2) - (-1 - -2)?
11
Calculate 9 - (1 - -2) - (-10 - -12).
4
3 - (10 - (2 - -2) - 5)
2
Evaluate 12 + (2 - -9) + -85 + 81.
19
Evaluate (30 - 3) + (-227 - -214).
14
What is the value of -20 + (-2 - -5) - (-79 - -62)?
0
What is -26 + 19 + 5 + -11 + -16?
-29
17 + -25 + -9 - -23
6
What is the value of (-1 + 0 - (-17 - (-26 - -13))) + -4?
-1
10 + (-7 - (-3 - -1 - 7))
12
Calculate -10 + 12 - (11 + -7 + 9).
-11
Evaluate -33 + 5 + (-5 + 1 - -9).
-23
What is the value of 22 - ((-2 - 12) + 6 + 16)?
14
Calculate -1 + 2 + 15 + -6 + -36.
-26
Calculate (-6 + 0 - (5 - 3)) + -97 + 99.
-6
Evaluate 59 - 96 - (-20 - -1).
-18
Evaluate 3 - (-13 + 10 - -2).
4
Evaluate 1 - (8 + 10 + -8).
-9
What is the value of -7 + (-34 - (-9 - 44))?
12
Calculate 97 + -110 + (23 - 26 - (-6 + 0)).
-10
Calculate -29 + (24 - (7 + -1)).
-11
What is the value of 27 + -17 + (0 - (2 - -3)) - 2?
3
44 + -2 + -8 + -28
6
What is 1 + 6 + 4 - (-10 - -12)?
9
Calculate 2 + -3 + -6 - (-6 + -1).
0
5 + -2 - (135 + -116)
-16
Calculate -1 - (13 + -8) - (-6 - -19).
-19
Evaluate -494 + 491 + -10 + 1 + -3.
-15
Evaluate -16 + -1 + (26 - (8 - -3)).
-2
What is (17 + -30 - -5) + -1 + -2?
-11
Calculate -1 + -6 + ((6 - 4) + 0 - -20).
15
What is the value of -7 + 7 + -9 - (-10 - (-30 + -2))?
-31
What is 1 + -2 + 2 + (9 - (7 + 2))?
1
5 + 3 - (27 + 21 + -11)
-29
Calculate (-1 - (9 + -13)) + 6 + -2.
7
What is the value of -15 - (5 - (11 + -11)) - 9?
-29
What is -15 + (4 - (0 + -3 + (4 - -3)))?
-15
Calculate (34 - 50) + (17 - 0) + (-2 - -10).
9
Calculate -8 + 1 + 4 + -14 + 12.
-5
What is the value of (-348 - -354) + (15 - (4 - 2))?
19
34 + (-2 - 1) + -15 + 10 + -3
23
What is the value of -18 - 2 - (24 - 38)?
-6
(3 - 0) + -2 + -2 - (3401 + -3416)
14
What is 22 - (6 + (-7 - -4))?
19
Calculate 16 + -8 + 0 - (2 - -2 - -6).
-2
(-4 - 29) + 14 + 36
17
-12 - -3 - ((9 - 12) + -6)
0
Evaluate -4 - (-17 + 1 + 6 + 5 - -14).
-13
What is (13 - (-11 + 10)) + -2?
12
Evaluate (32 - 15) + -13 - 12.
-8
Calculate 4 + -10 - (7 - (-8 + 19)).
-2
What is the value of 3 + (11 - 5 - 1) - 17?
-9
What is (-14 - 22 - -63) + -17?
10
-379 + 377 + (-1 - 8)
-11
Evaluate -48 + (5 + 20 - -5).
-18
5 + 11 - (-1 - -1 - (-18 - -10))
8
5 + (8 - 13 - 1) - 10 - -1
-10
What is 35 + (-83 - (-1 + -37))?
-10
What is the value of -11 - (-23 - -4) - (-6 + 11 - 5)?
8
What is 18 + 7 + -13 + -22?
-10
(1 + -13 - -1) + 59 + -72 + -12
-36
Calculate -1 - (18 - -1) - (1 - 10).
-11
Calculate 0 + -3 + -7 + 4 - -21.
15
What is the value of (-17 + 14 - 2) + (2 - -2)?
-1
Evaluate (-4 + -8 - -2) + 22.
12
-3 + (-2 - -15) - (48 - 27)
-11
What is the value of (4 - -15) + 49 + -33 + -20?
15
What is the value of 4 - (3 + -2 + 2) - (-86 + 93)?
-6
What is the value of 0 + 1 + (-27 + 34 - 1)?
7
What is 1 - (2 + -5) - (3 + 17)?
-16
What is 9 + (1 - 3) + 3 + 0?
10
What is -1 + 16 - (-6 + (16 - 7))?
12
Evaluate 15 - (-2 - (5 + -6 + (-6 - -1))).
11
What is (-24 - -22) + 1 + -10 + 0?
-11
Calculate 17 + -7 + -20 - 6 - (-4 - -2).
-14
What is the value of (-18 + 1 - (9 + -9)) + -6 + -2?
-25
Evaluate -46 + 46 - (0 + -2 + 2).
0
Evaluate 11 + -18 - (-8 - -8) - 6.
-13
Evaluate 1 - 3 - -9 - (-25 - (33 + -60)).
5
Evaluate -16 + 2 + 31 - -4 - -9.
30
Evaluate 24 - ((3 - 2) + (16 - (37 - 22))).
22
13 - ((-4 - (5 - -3)) + 10)
15
Calculate -3 + 41 - (148 - 146).
36
Calculate (157 - 167 - (-14 + 2 + 0)) + 6.
8
Calculate 10 + (-22 - -24) + -21.
-9
What is -2 - (-17 + 21) - (3 + -4 - 21)?
16
What is the value of -19 + 13 + -3 + -7 + 0?
-16
Evaluate (15 - 12) + 22 + -10 + 1.
16
Calculate 11 - (16 + -1) - 8 - -7.
-5
-8 - (-3 + -11) - 17
-11
Evaluate (-1 - -10) + -7 + (0 - 5 - -16).
13
Evaluate (-12 - (-6 - (-17 + -5 + 3))) + 8.
-17
Evaluate (-4 - -13 - 10) + 8.
7
What is (-10 - (-6 - 0)) + 43 + -57?
-18
-1 + 3 + (6 - (-15 + 9)) + -4
10
-28 + 15 + (-20 - -25)
-8
-1 - 1 - (-7 + (3 - -2) - 0)
0
(1 - -3) + -6 - -12 - -11 - -7
28
(-6 - (3 + -7)) + -2 + 5
1
What is -15 + (-15 + 28 - (6 - -9))?
-17
What is 1 + 7 - (38 + 1 + -14)?
-17
What is the value of -4 + -4 + 1 + 5 - (-2 - -8)?
-8
What is the value of -20 - -12 - (-2 - (-7 - -8))?
-5
Evaluate 122 + -141 - (-4 - 29).
14
42 + (-2 - 5 - 6 - 2)
27
Calculate 0 + (-22 - -14) + -3.
-11
What is the value of (31 - 0) + -2 + -107 + 102 - -8?
32
What is -4 - -10 - (9 - 1)?
-2
Evaluate (6 - 4) + -3 + -5 + (10 - -35).
39
(1 - 5) + -211 + 222 + -19
-12
What is -4 - (-41 + (-4 - ((8 - 22) + 2)))?
29
Calculate 98 - 96 - (-18 + -2).
22
Evaluate (-16 - (16 + (-41 - 0))) + 14.
23
223 + -229 + ((3 - 7) + 3 - 9)
-16
Evaluate (1 - (1 + -2) - (-19 + 8)) + 0.
13
What is 4 - ((-2 - 1) + -2 + (-9 - -8))?
10
What is ((-15 - -1) + 7 - -3) + 25?
21
What is the value of 0 + 13 + (5 - (-2 - -8)) + -1?
11
What is -21 + (21 - (38 + -24))?
-14
Calculate (2 - 1 - (-8 - -8)) + -4 + 5.
2
Evaluate 14 - ((14 - 1) + -3) - 17.
-13
What is (11 + -4 + 9 - 3) + 3 + 4?
20
-109 + 78 + 7 + -2 + -7
-33
4 - (-9 + 4) - 20
-11
-7 - (9 + (-1 - (6 - -5)))
-4
What is the value of 9 - (-14 + 32 + 5)?
-14
What is the value of -2 + 1 - -6 - (-122 - (5 - 119))?
13
Calculate -21 + (6 - -6) + 11 - (0 - 10).
12
-12 - -1 - (-16 - -4)
1
What is 9 + (-2 - -13 - (10 - 1))?
11
What is the value of 52 + -72 + 0 + 25?
5
What is the value of 2 - (-30 + 37 - 2)?
-3
-10 + 2 + 2 + 0 + 4
-2
What is 5 - 6 - (-9 + 8 + 10 - 10)?
0
1 + 26 + (-881 - -882)
28
(0 - 2) + -8 + (-49 - (-16 - 46))
3
What is the value of (3 - -5) + 0 - (7 + -7)?
8
4478 - 4458 - (1 + 8 - 0)
11
Evaluate 61 + -58 - 9 - (0 - -13).
-19
What is 3 - (-8 - (-3 - 1))?
7
Evaluate -2 - (-7 - 41 - -27).
19
Calculate (104 - 105) + 4 + 1 + 0.
4
Calculate 12 - (-30 + (10 - -2)).
30
20 + (14 - (0 - 14 - -15))
33
Evaluate 2 - ((10 - 6) + 3).
-5
What is the value of 27 + -22 + 14 + -31?
-12
What is the valu